{"id":204,"date":"2021-05-09T10:55:55","date_gmt":"2021-05-09T10:55:55","guid":{"rendered":"https:\/\/www.location-benne.eu\/fr\/?page_id=204"},"modified":"2021-05-09T11:25:06","modified_gmt":"2021-05-09T11:25:06","slug":"location-benne","status":"publish","type":"page","link":"https:\/\/www.location-benne.eu\/fr\/location-benne\/","title":{"rendered":"Location benne"},"content":{"rendered":"<p>[et_pb_section fb_built=\u00a0\u00bb1&Prime; _builder_version=\u00a0\u00bb4.7.7&Prime; _module_preset=\u00a0\u00bbdefault\u00a0\u00bb min_height=\u00a0\u00bb852.8px\u00a0\u00bb custom_margin=\u00a0\u00bb-19px|||||\u00a0\u00bb custom_padding=\u00a0\u00bb5px||14px|||\u00a0\u00bb][et_pb_row column_structure=\u00a0\u00bb1_2,1_2&Prime; _builder_version=\u00a0\u00bb4.7.7&Prime; _module_preset=\u00a0\u00bbdefault\u00a0\u00bb][et_pb_column type=\u00a0\u00bb1_2&Prime; _builder_version=\u00a0\u00bb4.7.7&Prime; _module_preset=\u00a0\u00bbdefault\u00a0\u00bb][et_pb_text _builder_version=\u00a0\u00bb4.7.7&Prime; _module_preset=\u00a0\u00bbdefault\u00a0\u00bb header_font=\u00a0\u00bb|||on|||||\u00a0\u00bb header_text_color=\u00a0\u00bb#E02B20&Prime; module_alignment=\u00a0\u00bbcenter\u00a0\u00bb custom_margin=\u00a0\u00bb||53px|||\u00a0\u00bb header_text_shadow_style=\u00a0\u00bbpreset3&Prime;]<\/p>\n<h1><span class=\"ez-toc-section\" id=\"La_location_de_benne_comment_ca_marche\"><\/span>La location de benne, comment \u00e7a marche ?<span class=\"ez-toc-section-end\"><\/span><\/h1>\n<p>[\/et_pb_text][et_pb_text _builder_version=\u00a0\u00bb4.7.7&Prime; _module_preset=\u00a0\u00bbdefault\u00a0\u00bb custom_margin=\u00a0\u00bb||65px|||\u00a0\u00bb]<\/p>\n<p align=\"justify\"><span>Pour vider une maison, pour faire \u00e9vacuer vos encombrants et vos d\u00e9chets dans une benne, nous vous proposons de vous faire b\u00e9n\u00e9ficier d&rsquo;un tarif tout compris incluant la d\u00e9pose et la location de la benne (comprise entre 1 \u00e0 7 jours), l&rsquo;enl\u00e8vement et le transport jusqu&rsquo;au site sp\u00e9cialis\u00e9 de vidage et de traitement des d\u00e9chets, partout en France.<\/span><\/p>\n<p>[\/et_pb_text][et_pb_image src=\u00a0\u00bbhttps:\/\/www.location-benne.eu\/fr\/wp-content\/uploads\/2021\/05\/location-benne-emplacement2.jpg\u00a0\u00bb alt=\u00a0\u00bbemplacement benne prix\u00a0\u00bb title_text=\u00a0\u00bblocation-benne-emplacement2&Prime; _builder_version=\u00a0\u00bb4.7.7&Prime; _module_preset=\u00a0\u00bbdefault\u00a0\u00bb box_shadow_style=\u00a0\u00bbpreset1&Prime;][\/et_pb_image][\/et_pb_column][et_pb_column type=\u00a0\u00bb1_2&Prime; _builder_version=\u00a0\u00bb4.7.7&Prime; _module_preset=\u00a0\u00bbdefault\u00a0\u00bb][et_pb_text _builder_version=\u00a0\u00bb4.7.7&Prime; _module_preset=\u00a0\u00bbdefault\u00a0\u00bb header_2_text_color=\u00a0\u00bb#E02B20&Prime; custom_margin=\u00a0\u00bb0px|||||\u00a0\u00bb header_2_text_shadow_style=\u00a0\u00bbpreset3&Prime;]<\/p>\n<h2 style=\"text-align: center;\"><span class=\"ez-toc-section\" id=\"Commandez\"><\/span>Commandez !<span class=\"ez-toc-section-end\"><\/span><\/h2>\n<p>[\/et_pb_text][et_pb_text _builder_version=\u00a0\u00bb4.7.7&Prime; _module_preset=\u00a0\u00bbdefault\u00a0\u00bb]<\/p>\n<p style=\"text-align: justify;\"><span>Obtenez en seulement quelques clics votre devis gratuit en ligne et sans engagement pour la location d&rsquo;une benne et ce en ad\u00e9quation parfaite avec vos besoins.<\/span><\/p>\n<p>[\/et_pb_text][et_pb_text _builder_version=\u00a0\u00bb4.7.7&Prime; _module_preset=\u00a0\u00bbdefault\u00a0\u00bb]<\/p>\n<p style=\"text-align: justify;\"><span>Indiquez votre localisation, le type de d\u00e9chets concern\u00e9s, le choix de benne (le mod\u00e8le, son volume et sa taille), le jour de livraison et de d\u00e9pose souhait\u00e9 de la benne, choisissez la dur\u00e9e de pr\u00e9sence de la benne, puis validez !<\/span><\/p>\n<p>[\/et_pb_text][et_pb_text _builder_version=\u00a0\u00bb4.7.7&Prime; _module_preset=\u00a0\u00bbdefault\u00a0\u00bb header_2_text_color=\u00a0\u00bb#E02B20&Prime; header_2_text_shadow_style=\u00a0\u00bbpreset3&Prime;]<\/p>\n<h2 style=\"text-align: center;\"><span class=\"ez-toc-section\" id=\"Remplissez\"><\/span>Remplissez !<span class=\"ez-toc-section-end\"><\/span><\/h2>\n<p>[\/et_pb_text][et_pb_text _builder_version=\u00a0\u00bb4.7.7&Prime; _module_preset=\u00a0\u00bbdefault\u00a0\u00bb]<\/p>\n<p style=\"text-align: justify;\"><span>Remplissez votre benne comme convenu avec vos d\u00e9chets autoris\u00e9s sur le temps qui vous est imparti. Si toutefois, il vous fallait plus de temps, pr\u00e9venez-nous au moins 24h \u00e0 l&rsquo;avance pour prolonger la dur\u00e9e de mise \u00e0 disposition de la benne aux conditions en vigueur.<\/span><\/p>\n<p>[\/et_pb_text][et_pb_text _builder_version=\u00a0\u00bb4.7.7&Prime; _module_preset=\u00a0\u00bbdefault\u00a0\u00bb header_2_text_color=\u00a0\u00bb#E02B20&Prime; header_2_text_shadow_style=\u00a0\u00bbpreset3&Prime;]<\/p>\n<h2 style=\"text-align: center;\"><span class=\"ez-toc-section\" id=\"Enleve_cest_debarrasse\"><\/span>Enlev\u00e9, c&rsquo;est d\u00e9barrass\u00e9 !<span class=\"ez-toc-section-end\"><\/span><\/h2>\n<p>[\/et_pb_text][et_pb_text _builder_version=\u00a0\u00bb4.7.7&Prime; _module_preset=\u00a0\u00bbdefault\u00a0\u00bb]<\/p>\n<p style=\"text-align: justify;\"><span>Finalement, lorsque vous avez termin\u00e9, vous nous rappelez pour retirer la benne, en nous sp\u00e9cifiant la date et l\u2019heure souhait\u00e9e pour le retrait. La benne sera enlev\u00e9e apr\u00e8s v\u00e9rification de son contenu. Le prix de la location peut parfois varier en fonction de la dur\u00e9e si elle exc\u00e8de la dur\u00e9e initialement pr\u00e9vue dans notre offre.<\/span><\/p>\n<p>[\/et_pb_text][\/et_pb_column][\/et_pb_row][et_pb_row _builder_version=\u00a0\u00bb4.7.7&Prime; _module_preset=\u00a0\u00bbdefault\u00a0\u00bb custom_padding=\u00a0\u00bb||16px|||\u00a0\u00bb][et_pb_column type=\u00a0\u00bb4_4&Prime; _builder_version=\u00a0\u00bb4.7.7&Prime; _module_preset=\u00a0\u00bbdefault\u00a0\u00bb][et_pb_text _builder_version=\u00a0\u00bb4.7.7&Prime; _module_preset=\u00a0\u00bbdefault\u00a0\u00bb header_2_text_align=\u00a0\u00bbcenter\u00a0\u00bb header_2_text_color=\u00a0\u00bb#E02B20&Prime; header_2_text_shadow_style=\u00a0\u00bbpreset3&Prime;]<\/p>\n<h2><span class=\"ez-toc-section\" id=\"La_revalorisation_des_dechets_cest_notre_affaire\"><\/span>La revalorisation des d\u00e9chets, c&rsquo;est notre affaire !<span class=\"ez-toc-section-end\"><\/span><\/h2>\n<p>[\/et_pb_text][et_pb_text _builder_version=\u00a0\u00bb4.7.7&Prime; _module_preset=\u00a0\u00bbdefault\u00a0\u00bb]<\/p>\n<p style=\"text-align: justify;\"><span>Nous nous occupons ensuite de vider dans notre centre de tri agr\u00e9\u00e9, avant d\u2019aller en d\u00e9charge sp\u00e9cialis\u00e9e pour le traitement des d\u00e9chets. Un bordereau de suivi de d\u00e9chets (BDS) pourra vous \u00eatre remis sur simple demande de votre part.<\/span><\/p>\n<p>[\/et_pb_text][\/et_pb_column][\/et_pb_row][et_pb_row _builder_version=\u00a0\u00bb4.7.7&Prime; _module_preset=\u00a0\u00bbdefault\u00a0\u00bb][et_pb_column type=\u00a0\u00bb4_4&Prime; _builder_version=\u00a0\u00bb4.7.7&Prime; _module_preset=\u00a0\u00bbdefault\u00a0\u00bb][et_pb_button button_url=\u00a0\u00bbhttps:\/\/www.location-benne.eu\/fr\/devis-en-ligne\/\u00a0\u00bb button_text=\u00a0\u00bbMon devis en ligne en quelques clics !\u00a0\u00bb button_alignment=\u00a0\u00bbcenter\u00a0\u00bb _builder_version=\u00a0\u00bb4.7.7&Prime; _module_preset=\u00a0\u00bbdefault\u00a0\u00bb][\/et_pb_button][\/et_pb_column][\/et_pb_row][\/et_pb_section]<\/p>\n<div id=\"ez-toc-container\" class=\"ez-toc-v2_0_62 counter-hierarchy ez-toc-counter ez-toc-grey ez-toc-container-direction\">\n<label for=\"ez-toc-cssicon-toggle-item-69f3500e3e3e9\" class=\"ez-toc-cssicon-toggle-label\"><span class=\"\"><span class=\"eztoc-hide\" style=\"display:none;\">Toggle<\/span><span class=\"ez-toc-icon-toggle-span\"><svg style=\"fill: #999;color:#999\" xmlns=\"http:\/\/www.w3.org\/2000\/svg\" class=\"list-377408\" width=\"20px\" height=\"20px\" viewBox=\"0 0 24 24\" fill=\"none\"><path d=\"M6 6H4v2h2V6zm14 0H8v2h12V6zM4 11h2v2H4v-2zm16 0H8v2h12v-2zM4 16h2v2H4v-2zm16 0H8v2h12v-2z\" fill=\"currentColor\"><\/path><\/svg><svg style=\"fill: #999;color:#999\" class=\"arrow-unsorted-368013\" xmlns=\"http:\/\/www.w3.org\/2000\/svg\" width=\"10px\" height=\"10px\" viewBox=\"0 0 24 24\" version=\"1.2\" baseProfile=\"tiny\"><path d=\"M18.2 9.3l-6.2-6.3-6.2 6.3c-.2.2-.3.4-.3.7s.1.5.3.7c.2.2.4.3.7.3h11c.3 0 .5-.1.7-.3.2-.2.3-.5.3-.7s-.1-.5-.3-.7zM5.8 14.7l6.2 6.3 6.2-6.3c.2-.2.3-.5.3-.7s-.1-.5-.3-.7c-.2-.2-.4-.3-.7-.3h-11c-.3 0-.5.1-.7.3-.2.2-.3.5-.3.7s.1.5.3.7z\"\/><\/svg><\/span><\/span><\/label><input type=\"checkbox\"  id=\"ez-toc-cssicon-toggle-item-69f3500e3e3e9\" checked aria-label=\"Toggle\" \/><nav><ul class='ez-toc-list ez-toc-list-level-1 ' ><li class='ez-toc-page-1 ez-toc-heading-level-1'><a class=\"ez-toc-link ez-toc-heading-1\" href=\"https:\/\/www.location-benne.eu\/fr\/location-benne\/#La_location_de_benne_comment_ca_marche\" title=\"La location de benne, comment \u00e7a marche ?\">La location de benne, comment \u00e7a marche ?<\/a><ul class='ez-toc-list-level-2' ><li class='ez-toc-heading-level-2'><a class=\"ez-toc-link ez-toc-heading-2\" href=\"https:\/\/www.location-benne.eu\/fr\/location-benne\/#Commandez\" title=\"Commandez !\">Commandez !<\/a><\/li><li class='ez-toc-page-1 ez-toc-heading-level-2'><a class=\"ez-toc-link ez-toc-heading-3\" href=\"https:\/\/www.location-benne.eu\/fr\/location-benne\/#Remplissez\" title=\"Remplissez !\">Remplissez !<\/a><\/li><li class='ez-toc-page-1 ez-toc-heading-level-2'><a class=\"ez-toc-link ez-toc-heading-4\" href=\"https:\/\/www.location-benne.eu\/fr\/location-benne\/#Enleve_cest_debarrasse\" title=\"Enlev\u00e9, c&rsquo;est d\u00e9barrass\u00e9 !\">Enlev\u00e9, c&rsquo;est d\u00e9barrass\u00e9 !<\/a><\/li><li class='ez-toc-page-1 ez-toc-heading-level-2'><a class=\"ez-toc-link ez-toc-heading-5\" href=\"https:\/\/www.location-benne.eu\/fr\/location-benne\/#La_revalorisation_des_dechets_cest_notre_affaire\" title=\"La revalorisation des d\u00e9chets, c&rsquo;est notre affaire !\">La revalorisation des d\u00e9chets, c&rsquo;est notre affaire !<\/a><\/li><\/ul><\/li><\/ul><\/nav><\/div>\n","protected":false},"excerpt":{"rendered":"<p>[et_pb_section fb_built=\u00a0\u00bb1&Prime; _builder_version=\u00a0\u00bb4.7.7&Prime; _module_preset=\u00a0\u00bbdefault\u00a0\u00bb min_height=\u00a0\u00bb852.8px\u00a0\u00bb custom_margin=\u00a0\u00bb-19px|||||\u00a0\u00bb custom_padding=\u00a0\u00bb5px||14px|||\u00a0\u00bb][et_pb_row column_structure=\u00a0\u00bb1_2,1_2&Prime; _builder_version=\u00a0\u00bb4.7.7&Prime; _module_preset=\u00a0\u00bbdefault\u00a0\u00bb][et_pb_column type=\u00a0\u00bb1_2&Prime; _builder_version=\u00a0\u00bb4.7.7&Prime; _module_preset=\u00a0\u00bbdefault\u00a0\u00bb][et_pb_text _builder_version=\u00a0\u00bb4.7.7&Prime; _module_preset=\u00a0\u00bbdefault\u00a0\u00bb header_font=\u00a0\u00bb|||on|||||\u00a0\u00bb header_text_color=\u00a0\u00bb#E02B20&Prime; module_alignment=\u00a0\u00bbcenter\u00a0\u00bb custom_margin=\u00a0\u00bb||53px|||\u00a0\u00bb header_text_shadow_style=\u00a0\u00bbpreset3&Prime;] La location de benne, comment \u00e7a marche ? [\/et_pb_text][et_pb_text _builder_version=\u00a0\u00bb4.7.7&Prime; _module_preset=\u00a0\u00bbdefault\u00a0\u00bb custom_margin=\u00a0\u00bb||65px|||\u00a0\u00bb] Pour vider une maison, pour faire \u00e9vacuer vos encombrants et vos d\u00e9chets dans une benne, nous vous proposons de vous faire b\u00e9n\u00e9ficier d&rsquo;un [&hellip;]<\/p>\n","protected":false},"author":1,"featured_media":0,"parent":0,"menu_order":0,"comment_status":"closed","ping_status":"closed","template":"","meta":{"_et_pb_use_builder":"on","_et_pb_old_content":"","_et_gb_content_width":"","footnotes":""},"class_list":["post-204","page","type-page","status-publish","hentry"],"_links":{"self":[{"href":"https:\/\/www.location-benne.eu\/fr\/wp-json\/wp\/v2\/pages\/204","targetHints":{"allow":["GET"]}}],"collection":[{"href":"https:\/\/www.location-benne.eu\/fr\/wp-json\/wp\/v2\/pages"}],"about":[{"href":"https:\/\/www.location-benne.eu\/fr\/wp-json\/wp\/v2\/types\/page"}],"author":[{"embeddable":true,"href":"https:\/\/www.location-benne.eu\/fr\/wp-json\/wp\/v2\/users\/1"}],"replies":[{"embeddable":true,"href":"https:\/\/www.location-benne.eu\/fr\/wp-json\/wp\/v2\/comments?post=204"}],"version-history":[{"count":5,"href":"https:\/\/www.location-benne.eu\/fr\/wp-json\/wp\/v2\/pages\/204\/revisions"}],"predecessor-version":[{"id":218,"href":"https:\/\/www.location-benne.eu\/fr\/wp-json\/wp\/v2\/pages\/204\/revisions\/218"}],"wp:attachment":[{"href":"https:\/\/www.location-benne.eu\/fr\/wp-json\/wp\/v2\/media?parent=204"}],"curies":[{"name":"wp","href":"https:\/\/api.w.org\/{rel}","templated":true}]}}

<p>[et_pb_section fb_built= »1&Prime; _builder_version= »4.7.7&Prime; _module_preset= »default » min_height= »852.8px » custom_margin= »-19px||||| » custom_padding= »5px||14px||| »][et_pb_row column_structure= »1_2,1_2&Prime; _builder_version= »4.7.7&Prime; _module_preset= »default »][et_pb_column type= »1_2&Prime; _builder_version= »4.7.7&Prime; _module_preset= »default »][et_pb_text _builder_version= »4.7.7&Prime; _module_preset= »default » header_font= »|||on||||| » header_text_color= »#E02B20&Prime; module_alignment= »center » custom_margin= »||53px||| » header_text_shadow_style= »preset3&Prime;]</p>
<h1><span class="ez-toc-section" id="La_location_de_benne_comment_ca_marche"></span>La location de benne, comment ça marche ?<span class="ez-toc-section-end"></span></h1>
<p>[/et_pb_text][et_pb_text _builder_version= »4.7.7&Prime; _module_preset= »default » custom_margin= »||65px||| »]</p>
<p align="justify"><span>Pour vider une maison, pour faire évacuer vos encombrants et vos déchets dans une benne, nous vous proposons de vous faire bénéficier d&rsquo;un tarif tout compris incluant la dépose et la location de la benne (comprise entre 1 à 7 jours), l&rsquo;enlèvement et le transport jusqu&rsquo;au site spécialisé de vidage et de traitement des déchets, partout en France.</span></p>
<p>[/et_pb_text][et_pb_image src= »https://www.location-benne.eu/fr/wp-content/uploads/2021/05/location-benne-emplacement2.jpg » alt= »emplacement benne prix » title_text= »location-benne-emplacement2&Prime; _builder_version= »4.7.7&Prime; _module_preset= »default » box_shadow_style= »preset1&Prime;][/et_pb_image][/et_pb_column][et_pb_column type= »1_2&Prime; _builder_version= »4.7.7&Prime; _module_preset= »default »][et_pb_text _builder_version= »4.7.7&Prime; _module_preset= »default » header_2_text_color= »#E02B20&Prime; custom_margin= »0px||||| » header_2_text_shadow_style= »preset3&Prime;]</p>
<h2 style="text-align: center;"><span class="ez-toc-section" id="Commandez"></span>Commandez !<span class="ez-toc-section-end"></span></h2>
<p>[/et_pb_text][et_pb_text _builder_version= »4.7.7&Prime; _module_preset= »default »]</p>
<p style="text-align: justify;"><span>Obtenez en seulement quelques clics votre devis gratuit en ligne et sans engagement pour la location d&rsquo;une benne et ce en adéquation parfaite avec vos besoins.</span></p>
<p>[/et_pb_text][et_pb_text _builder_version= »4.7.7&Prime; _module_preset= »default »]</p>
<p style="text-align: justify;"><span>Indiquez votre localisation, le type de déchets concernés, le choix de benne (le modèle, son volume et sa taille), le jour de livraison et de dépose souhaité de la benne, choisissez la durée de présence de la benne, puis validez !</span></p>
<p>[/et_pb_text][et_pb_text _builder_version= »4.7.7&Prime; _module_preset= »default » header_2_text_color= »#E02B20&Prime; header_2_text_shadow_style= »preset3&Prime;]</p>
<h2 style="text-align: center;"><span class="ez-toc-section" id="Remplissez"></span>Remplissez !<span class="ez-toc-section-end"></span></h2>
<p>[/et_pb_text][et_pb_text _builder_version= »4.7.7&Prime; _module_preset= »default »]</p>
<p style="text-align: justify;"><span>Remplissez votre benne comme convenu avec vos déchets autorisés sur le temps qui vous est imparti. Si toutefois, il vous fallait plus de temps, prévenez-nous au moins 24h à l&rsquo;avance pour prolonger la durée de mise à disposition de la benne aux conditions en vigueur.</span></p>
<p>[/et_pb_text][et_pb_text _builder_version= »4.7.7&Prime; _module_preset= »default » header_2_text_color= »#E02B20&Prime; header_2_text_shadow_style= »preset3&Prime;]</p>
<h2 style="text-align: center;"><span class="ez-toc-section" id="Enleve_cest_debarrasse"></span>Enlevé, c&rsquo;est débarrassé !<span class="ez-toc-section-end"></span></h2>
<p>[/et_pb_text][et_pb_text _builder_version= »4.7.7&Prime; _module_preset= »default »]</p>
<p style="text-align: justify;"><span>Finalement, lorsque vous avez terminé, vous nous rappelez pour retirer la benne, en nous spécifiant la date et l’heure souhaitée pour le retrait. La benne sera enlevée après vérification de son contenu. Le prix de la location peut parfois varier en fonction de la durée si elle excède la durée initialement prévue dans notre offre.</span></p>
<p>[/et_pb_text][/et_pb_column][/et_pb_row][et_pb_row _builder_version= »4.7.7&Prime; _module_preset= »default » custom_padding= »||16px||| »][et_pb_column type= »4_4&Prime; _builder_version= »4.7.7&Prime; _module_preset= »default »][et_pb_text _builder_version= »4.7.7&Prime; _module_preset= »default » header_2_text_align= »center » header_2_text_color= »#E02B20&Prime; header_2_text_shadow_style= »preset3&Prime;]</p>
<h2><span class="ez-toc-section" id="La_revalorisation_des_dechets_cest_notre_affaire"></span>La revalorisation des déchets, c&rsquo;est notre affaire !<span class="ez-toc-section-end"></span></h2>
<p>[/et_pb_text][et_pb_text _builder_version= »4.7.7&Prime; _module_preset= »default »]</p>
<p style="text-align: justify;"><span>Nous nous occupons ensuite de vider dans notre centre de tri agréé, avant d’aller en décharge spécialisée pour le traitement des déchets. Un bordereau de suivi de déchets (BDS) pourra vous être remis sur simple demande de votre part.</span></p>
<p>[/et_pb_text][/et_pb_column][/et_pb_row][et_pb_row _builder_version= »4.7.7&Prime; _module_preset= »default »][et_pb_column type= »4_4&Prime; _builder_version= »4.7.7&Prime; _module_preset= »default »][et_pb_button button_url= »https://www.location-benne.eu/fr/devis-en-ligne/ » button_text= »Mon devis en ligne en quelques clics ! » button_alignment= »center » _builder_version= »4.7.7&Prime; _module_preset= »default »][/et_pb_button][/et_pb_column][/et_pb_row][/et_pb_section]</p>
<div id="ez-toc-container" class="ez-toc-v2_0_62 counter-hierarchy ez-toc-counter ez-toc-grey ez-toc-container-direction">
<label for="ez-toc-cssicon-toggle-item-69f3500e3e3e9" class="ez-toc-cssicon-toggle-label"><span class=""><span class="eztoc-hide" style="display:none;">Toggle</span><span class="ez-toc-icon-toggle-span"><svg style="fill: #999;color:#999" xmlns="http://www.w3.org/2000/svg" class="list-377408" width="20px" height="20px" viewBox="0 0 24 24" fill="none"><path d="M6 6H4v2h2V6zm14 0H8v2h12V6zM4 11h2v2H4v-2zm16 0H8v2h12v-2zM4 16h2v2H4v-2zm16 0H8v2h12v-2z" fill="currentColor"></path></svg><svg style="fill: #999;color:#999" class="arrow-unsorted-368013" xmlns="http://www.w3.org/2000/svg" width="10px" height="10px" viewBox="0 0 24 24" version="1.2" baseProfile="tiny"><path d="M18.2 9.3l-6.2-6.3-6.2 6.3c-.2.2-.3.4-.3.7s.1.5.3.7c.2.2.4.3.7.3h11c.3 0 .5-.1.7-.3.2-.2.3-.5.3-.7s-.1-.5-.3-.7zM5.8 14.7l6.2 6.3 6.2-6.3c.2-.2.3-.5.3-.7s-.1-.5-.3-.7c-.2-.2-.4-.3-.7-.3h-11c-.3 0-.5.1-.7.3-.2.2-.3.5-.3.7s.1.5.3.7z"/></svg></span></span></label><input type="checkbox"  id="ez-toc-cssicon-toggle-item-69f3500e3e3e9" checked aria-label="Toggle" /><nav><ul class='ez-toc-list ez-toc-list-level-1 ' ><li class='ez-toc-page-1 ez-toc-heading-level-1'><a class="ez-toc-link ez-toc-heading-1" href="https://www.location-benne.eu/fr/location-benne/#La_location_de_benne_comment_ca_marche" title="La location de benne, comment ça marche ?">La location de benne, comment ça marche ?</a><ul class='ez-toc-list-level-2' ><li class='ez-toc-heading-level-2'><a class="ez-toc-link ez-toc-heading-2" href="https://www.location-benne.eu/fr/location-benne/#Commandez" title="Commandez !">Commandez !</a></li><li class='ez-toc-page-1 ez-toc-heading-level-2'><a class="ez-toc-link ez-toc-heading-3" href="https://www.location-benne.eu/fr/location-benne/#Remplissez" title="Remplissez !">Remplissez !</a></li><li class='ez-toc-page-1 ez-toc-heading-level-2'><a class="ez-toc-link ez-toc-heading-4" href="https://www.location-benne.eu/fr/location-benne/#Enleve_cest_debarrasse" title="Enlevé, c&rsquo;est débarrassé !">Enlevé, c&rsquo;est débarrassé !</a></li><li class='ez-toc-page-1 ez-toc-heading-level-2'><a class="ez-toc-link ez-toc-heading-5" href="https://www.location-benne.eu/fr/location-benne/#La_revalorisation_des_dechets_cest_notre_affaire" title="La revalorisation des déchets, c&rsquo;est notre affaire !">La revalorisation des déchets, c&rsquo;est notre affaire !</a></li></ul></li></ul></nav></div>

<p>[et_pb_section fb_built= »1&Prime; _builder_version= »4.7.7&Prime; _module_preset= »default » min_height= »852.8px » custom_margin= »-19px||||| » custom_padding= »5px||14px||| »][et_pb_row column_structure= »1_2,1_2&Prime; _builder_version= »4.7.7&Prime; _module_preset= »default »][et_pb_column type= »1_2&Prime; _builder_version= »4.7.7&Prime; _module_preset= »default »][et_pb_text _builder_version= »4.7.7&Prime; _module_preset= »default » header_font= »|||on||||| » header_text_color= »#E02B20&Prime; module_alignment= »center » custom_margin= »||53px||| » header_text_shadow_style= »preset3&Prime;] La location de benne, comment ça marche ? [/et_pb_text][et_pb_text _builder_version= »4.7.7&Prime; _module_preset= »default » custom_margin= »||65px||| »] Pour vider une maison, pour faire évacuer vos encombrants et vos déchets dans une benne, nous vous proposons de vous faire bénéficier d&rsquo;un [&hellip;]</p>
